{"id":692,"date":"2020-03-24T13:19:44","date_gmt":"2020-03-24T13:19:44","guid":{"rendered":"http:\/\/www.geekecuador.com\/enf\/?page_id=692"},"modified":"2020-11-25T21:39:52","modified_gmt":"2020-11-25T21:39:52","slug":"evaluacion-nacional-forestal-i","status":"publish","type":"page","link":"https:\/\/enf.ambiente.gob.ec\/web_enf\/?page_id=692","title":{"rendered":"Evaluaci\u00f3n Nacional Forestal I"},"content":{"rendered":"<p><img decoding=\"async\" src=\"\/web_enf\/wp-content\/uploads\/inf.png\" alt=\"\"><\/p>\n<h2>\n<h2>EVALUACI\u00d3N NACIONAL FORESTAL I<\/h2>\n<\/h2>\n<div>\n<p style=\"text-align: justify;\">La primera <strong>Evaluaci\u00f3n Nacional Forestal (ENF I)<\/strong> se ejecut\u00f3 entre los a\u00f1os 2009 y 2013. Su ejecuci\u00f3n se realiz\u00f3 a trav\u00e9s del proyecto <strong>Evaluaci\u00f3n Nacional Forestal<\/strong> con el apoyo de asistencia t\u00e9cnica y financiera del proyecto <strong>Manejo Forestal Sostenible<\/strong> ante el <strong>Cambio Clim\u00e1tico (MFSCC) de la Organizaci\u00f3n de las Naciones Unidas para la Alimentaci\u00f3n y la Agricultura (FAO)<\/strong>, y el <strong>Ministerio de Relaciones Exteriores de Finlandia.<\/strong><\/p>\n<\/div>\n<h1>\n<h2 style=\"text-align: center;\">Objetivos<\/h2>\n<\/h1>\n<ul>\n<li>\n<h3>General<\/h3>\n<div>\n<p style=\"text-align: justify;\">Generar informaci\u00f3n que permita conocer los impactos de la pol\u00edtica y leyes forestales, as\u00ed como la detecci\u00f3n de tendencias que permita la planificaci\u00f3n del sub-sector forestal.<\/p>\n<\/div>\n<\/li>\n<li>\n<h3>Espec\u00edficos<\/h3>\n<div>\n<ul>\n<li style=\"text-align: justify;\">Proporcionar informaci\u00f3n actualizada y s\u00f3lida para mejorar la toma de decisiones y el desarrollo de las pol\u00edticas relacionadas con el manejo forestal sostenible en el pa\u00eds.<\/li>\n<li style=\"text-align: justify;\">Responder a los requerimientos para acceder a los mercados internacionales de carbono, bajo el mecanismo REDD+<\/li>\n<\/ul>\n<\/div>\n<\/li>\n<\/ul>\n<hr>\n<div>\n<p style=\"text-align: center;\">Conoce m\u00e1s de la <strong>Evaluaci\u00f3n Nacional Forestal I<\/strong>, a trav\u00e9s de sus tres componentes:<\/p>\n<\/div>\n<div>\n<p>        <img decoding=\"async\" src=\"\/web_enf\/wp-content\/uploads\/inventario.png\" alt=\"\"><\/p>\n<p>        <img decoding=\"async\" src=\"\/web_enf\/wp-content\/uploads\/inventario_forestal.png\" alt=\"\"><\/p>\n<div>\n<p>\u00a0<\/p>\n<p>Proporcionar informaci\u00f3n cualitativa y cuantitativa sobre el estado, utilizaci\u00f3n, ordenaci\u00f3n y tendencias del Patrimonio Forestal Nacional.<\/p>\n<p><a href=\"\/web_enf\/index.php?page_id=642%2F\"><img loading=\"lazy\" decoding=\"async\" class=\"alignnone  wp-image-340 aligncenter\" src=\"\/web_enf\/wp-content\/uploads\/boton.png\" alt=\"\" width=\"136\" height=\"53\" srcset=\"https:\/\/enf.ambiente.gob.ec\/web_enf\/wp-content\/uploads\/boton.png 500w, https:\/\/enf.ambiente.gob.ec\/web_enf\/wp-content\/uploads\/boton-300x117.png 300w\" sizes=\"auto, (max-width: 136px) 100vw, 136px\" \/><\/a><\/p>\n<\/div>\n<\/div>\n<div>\n<p>        <img decoding=\"async\" src=\"\/web_enf\/wp-content\/uploads\/mapa_carbono.png\" alt=\"\"><\/p>\n<p>        <img decoding=\"async\" src=\"\/web_enf\/wp-content\/uploads\/mapa_carbono_out.png\" alt=\"\"><\/p>\n<div>\n<p>\u00a0<\/p>\n<p>Estimar la variaci\u00f3n de los contenidos de carbono en las \u00e1reas boscosas del territorio continental.<\/p>\n<p><a href=\"\/web_enf\/index.php?page_id=644%2F\"><img loading=\"lazy\" decoding=\"async\" class=\"alignnone  wp-image-340 aligncenter\" src=\"\/web_enf\/wp-content\/uploads\/boton.png\" alt=\"\" width=\"136\" height=\"53\" srcset=\"https:\/\/enf.ambiente.gob.ec\/web_enf\/wp-content\/uploads\/boton.png 500w, https:\/\/enf.ambiente.gob.ec\/web_enf\/wp-content\/uploads\/boton-300x117.png 300w\" sizes=\"auto, (max-width: 136px) 100vw, 136px\" \/><\/a><\/p>\n<\/div>\n<\/div>\n<div>\n<p>        <img decoding=\"async\" src=\"\/web_enf\/wp-content\/uploads\/relacion_gente_bosque.png\" alt=\"\"><\/p>\n<p>        <img decoding=\"async\" src=\"\/web_enf\/wp-content\/uploads\/relacion_gente_bosque_out.png\" alt=\"\"><\/p>\n<div>\n<p>\u00a0<\/p>\n<p>El componente relaci\u00f3n gente-bosque tiene como finalidad conocer las relaciones existentes entre los bosques naturales del pa\u00eds y las poblaciones locales.<\/p>\n<p><a href=\"\/web_enf\/index.php?page_id=645\"><img loading=\"lazy\" decoding=\"async\" class=\"alignnone  wp-image-340 aligncenter\" src=\"\/web_enf\/wp-content\/uploads\/boton.png\" alt=\"\" width=\"136\" height=\"53\" srcset=\"https:\/\/enf.ambiente.gob.ec\/web_enf\/wp-content\/uploads\/boton.png 500w, https:\/\/enf.ambiente.gob.ec\/web_enf\/wp-content\/uploads\/boton-300x117.png 300w\" sizes=\"auto, (max-width: 136px) 100vw, 136px\" \/><\/a><\/p>\n<\/div>\n<\/div>\n<p><!-- {\"name\":\"Materials\",\"type\":\"layout\",\"children\":[{\"name\":\"ENEFSS\",\"type\":\"section\",\"props\":{\"style\":\"secondary\",\"width\":\"large\",\"vertical_align\":\"\",\"title_position\":\"center-right\",\"title_rotation\":\"left\",\"title_breakpoint\":\"m\",\"image_position\":\"center-center\",\"padding\":\"none\",\"title\":\"\",\"animation_delay\":false},\"children\":[{\"name\":\"\",\"type\":\"row\",\"props\":{\"layout\":\"1-2,1-2\",\"column_gap\":\"large\",\"row_gap\":\"large\"},\"children\":[{\"name\":\"\",\"type\":\"column\",\"props\":{\"image_position\":\"center-center\",\"media_overlay_gradient\":\"\",\"width_medium\":\"1-2\"},\"children\":[{\"name\":\"\",\"type\":\"image\",\"props\":{\"margin\":\"\",\"image_box_decoration\":\"mask\",\"text_align\":\"right\",\"animation\":\"none\",\"container_padding_remove\":true,\"image\":\"wp-content\\\/uploads\\\/inf.png\",\"parallax_breakpoint\":\"m\",\"parallax_easing\":\"1.2\",\"parallax_y_start\":\"50\",\"parallax_y_end\":\"-100\",\"image_width\":\"650\",\"image_svg_color\":\"emphasis\"}}]},{\"name\":\"\",\"type\":\"column\",\"props\":{\"image_position\":\"center-center\",\"vertical_align\":\"middle\",\"media_overlay_gradient\":\"\",\"width_medium\":\"1-2\"},\"children\":[{\"name\":\"\",\"type\":\"headline\",\"props\":{\"title_element\":\"h2\",\"title_style\":\"h1\",\"text_align\":\"left\",\"text_align_breakpoint\":\"s\",\"text_align_fallback\":\"center\",\"animation\":\"parallax\",\"content\":\"\n\n<h2>EVALUACI\\u00d3N NACIONAL FORESTAL I<\\\/h2>\",\"parallax_breakpoint\":\"m\",\"parallax_viewport\":\"0.3\",\"margin_remove_top\":true,\"parallax_opacity_start\":\"0.3\",\"parallax_opacity_end\":\"1\"}},{\"name\":\"\",\"type\":\"text\",\"props\":{\"margin\":\"medium\",\"column_breakpoint\":\"m\",\"text_align\":\"left\",\"text_align_breakpoint\":\"s\",\"text_align_fallback\":\"center\",\"animation\":\"none\",\"content\":\"\n\n<p style=\\\"text-align: justify;\\\">La primera <strong>Evaluaci\\u00f3n Nacional Forestal (ENF I)<\\\/strong> se ejecut\\u00f3 entre los a\\u00f1os 2009 y 2013. Su ejecuci\\u00f3n se realiz\\u00f3 a trav\\u00e9s del proyecto <strong>Evaluaci\\u00f3n Nacional Forestal<\\\/strong> con el apoyo de asistencia t\\u00e9cnica y financiera del proyecto <strong>Manejo Forestal Sostenible<\\\/strong> ante el <strong>Cambio Clim\\u00e1tico (MFSCC) de la Organizaci\\u00f3n de las Naciones Unidas para la Alimentaci\\u00f3n y la Agricultura (FAO)<\\\/strong>, y el <strong>Ministerio de Relaciones Exteriores de Finlandia.<\\\/strong><\\\/p>\",\"parallax_breakpoint\":\"l\",\"parallax_easing\":\"1.2\",\"parallax_viewport\":\"1\",\"parallax_y_start\":\"-80\",\"parallax_y_end\":\"80\"}}]}]}]},{\"type\":\"section\",\"props\":{\"style\":\"default\",\"width\":\"default\",\"vertical_align\":\"middle\",\"title_position\":\"top-left\",\"title_rotation\":\"left\",\"title_breakpoint\":\"xl\",\"image_position\":\"center-center\",\"padding\":\"xsmall\",\"padding_remove_top\":true,\"padding_remove_bottom\":true},\"children\":[{\"type\":\"row\",\"children\":[{\"type\":\"column\",\"props\":{\"image_position\":\"center-center\",\"media_overlay_gradient\":\"\",\"width_medium\":\"1-1\"},\"children\":[{\"type\":\"headline\",\"props\":{\"title_element\":\"h1\",\"content\":\"\n\n<h2 style=\\\"text-align: center;\\\">Objetivos<\\\/h2>\"}},{\"type\":\"grid\",\"props\":{\"show_title\":true,\"show_meta\":true,\"show_content\":true,\"show_image\":true,\"show_link\":true,\"grid_default\":\"1\",\"grid_medium\":\"2\",\"filter_style\":\"tab\",\"filter_all\":true,\"filter_position\":\"top\",\"filter_align\":\"left\",\"filter_grid_width\":\"auto\",\"filter_grid_breakpoint\":\"m\",\"title_hover_style\":\"reset\",\"title_element\":\"h3\",\"title_align\":\"top\",\"title_grid_width\":\"1-2\",\"title_grid_breakpoint\":\"m\",\"meta_style\":\"meta\",\"meta_align\":\"below-title\",\"image_align\":\"top\",\"image_grid_width\":\"1-2\",\"image_grid_breakpoint\":\"m\",\"image_svg_color\":\"emphasis\",\"link_text\":\"Read more\",\"link_style\":\"default\",\"margin\":\"default\",\"item_animation\":\"\",\"grid_large\":\"2\",\"grid_xlarge\":\"2\",\"title_style\":\"h5\",\"title_decoration\":\"bullet\",\"title_font_family\":\"primary\",\"title_color\":\"success\",\"grid_masonry\":false,\"grid_divider\":true,\"filter\":false,\"icon_width\":80,\"content_column_breakpoint\":\"m\"},\"children\":[{\"type\":\"grid_item\",\"props\":{\"title\":\"General\",\"content\":\"\n\n<p style=\\\"text-align: justify;\\\">Generar informaci\\u00f3n que permita conocer los impactos de la pol\\u00edtica y leyes forestales, as\\u00ed como la detecci\\u00f3n de tendencias que permita la planificaci\\u00f3n del sub-sector forestal.<\\\/p>\"}},{\"type\":\"grid_item\",\"props\":{\"title\":\"Espec\\u00edficos\",\"content\":\"\n\n<ul>\\n\n\n<li style=\\\"text-align: justify;\\\">Proporcionar informaci\\u00f3n actualizada y s\\u00f3lida para mejorar la toma de decisiones y el desarrollo de las pol\\u00edticas relacionadas con el manejo forestal sostenible en el pa\\u00eds.<\\\/li>\\n\n\n<li style=\\\"text-align: justify;\\\">Responder a los requerimientos para acceder a los mercados internacionales de carbono, bajo el mecanismo REDD+<\\\/li>\\n<\\\/ul>\"}}]}]}]}]},{\"type\":\"section\",\"props\":{\"style\":\"default\",\"width\":\"large\",\"vertical_align\":\"middle\",\"title_position\":\"top-left\",\"title_rotation\":\"left\",\"title_breakpoint\":\"xl\",\"image_position\":\"center-center\",\"padding\":\"xsmall\"},\"children\":[{\"type\":\"row\",\"children\":[{\"type\":\"column\",\"props\":{\"image_position\":\"center-center\",\"media_overlay_gradient\":\"\",\"width_medium\":\"1-1\"},\"children\":[{\"type\":\"divider\",\"props\":{\"divider_element\":\"hr\",\"divider_style\":\"\",\"divider_align\":\"\",\"divider_align_breakpoint\":\"\",\"divider_align_fallback\":\"\"}},{\"type\":\"text\",\"props\":{\"margin\":\"default\",\"column_breakpoint\":\"m\",\"content\":\"\n\n<p style=\\\"text-align: center;\\\">Conoce m\\u00e1s de la <strong>Evaluaci\\u00f3n Nacional Forestal I<\\\/strong>, a trav\\u00e9s de sus tres componentes:<\\\/p>\"}}]}]},{\"type\":\"row\",\"props\":{\"layout\":\"1-3,1-3,1-3\",\"margin\":\"small\"},\"children\":[{\"type\":\"column\",\"props\":{\"image_position\":\"center-center\",\"media_overlay_gradient\":\"\",\"width_medium\":\"1-3\"},\"children\":[{\"type\":\"overlay\",\"props\":{\"link_text\":\"Read more\",\"overlay_mode\":\"caption\",\"overlay_hover\":true,\"overlay_style\":\"\",\"text_color\":\"light\",\"overlay_position\":\"center\",\"overlay_transition\":\"fade\",\"title_element\":\"h3\",\"meta_style\":\"meta\",\"meta_align\":\"below-title\",\"link_style\":\"default\",\"text_align\":\"center\",\"margin\":\"default\",\"image\":\"wp-content\\\/uploads\\\/inventario.png\",\"hover_image\":\"wp-content\\\/uploads\\\/inventario_forestal.png\",\"title\":\"\",\"content\":\"\n\n<p>\\u00a0<\\\/p>\\n\n\n<p>Proporcionar informaci\\u00f3n cualitativa y cuantitativa sobre el estado, utilizaci\\u00f3n, ordenaci\\u00f3n y tendencias del Patrimonio Forestal Nacional.<\\\/p>\\n\n\n<p><a href=\\\"index.php?page_id=642\\\/\\\"><img class=\\\"alignnone  wp-image-340 aligncenter\\\" src=\\\"wp-content\\\/uploads\\\/boton.png\\\" alt=\\\"\\\" width=\\\"136\\\" height=\\\"53\\\" \\\/><\\\/a><\\\/p>\",\"title_hover_style\":\"reset\"}}]},{\"type\":\"column\",\"props\":{\"image_position\":\"center-center\",\"media_overlay_gradient\":\"\",\"width_medium\":\"1-3\"},\"children\":[{\"type\":\"overlay\",\"props\":{\"link_text\":\"Read more\",\"overlay_mode\":\"caption\",\"overlay_hover\":true,\"overlay_style\":\"\",\"text_color\":\"light\",\"overlay_position\":\"center\",\"overlay_transition\":\"fade\",\"title_element\":\"h3\",\"meta_style\":\"meta\",\"meta_align\":\"below-title\",\"link_style\":\"default\",\"text_align\":\"center\",\"margin\":\"default\",\"image\":\"wp-content\\\/uploads\\\/mapa_carbono.png\",\"hover_image\":\"wp-content\\\/uploads\\\/mapa_carbono_out.png\",\"title\":\"\",\"content\":\"\n\n<p>\\u00a0<\\\/p>\\n\n\n<p>Estimar la variaci\\u00f3n de los contenidos de carbono en las \\u00e1reas boscosas del territorio continental.<\\\/p>\\n\n\n<p><a href=\\\"index.php?page_id=644\\\/\\\"><img class=\\\"alignnone  wp-image-340 aligncenter\\\" src=\\\"wp-content\\\/uploads\\\/boton.png\\\" alt=\\\"\\\" width=\\\"136\\\" height=\\\"53\\\" \\\/><\\\/a><\\\/p>\",\"title_hover_style\":\"reset\"}}]},{\"type\":\"column\",\"props\":{\"image_position\":\"center-center\",\"media_overlay_gradient\":\"\",\"width_medium\":\"1-3\"},\"children\":[{\"type\":\"overlay\",\"props\":{\"link_text\":\"Read more\",\"overlay_mode\":\"caption\",\"overlay_hover\":true,\"overlay_style\":\"\",\"text_color\":\"light\",\"overlay_position\":\"center\",\"overlay_transition\":\"fade\",\"title_element\":\"h3\",\"meta_style\":\"meta\",\"meta_align\":\"below-title\",\"link_style\":\"default\",\"text_align\":\"center\",\"margin\":\"default\",\"image\":\"wp-content\\\/uploads\\\/relacion_gente_bosque.png\",\"hover_image\":\"wp-content\\\/uploads\\\/relacion_gente_bosque_out.png\",\"title\":\"\",\"content\":\"\n\n<p>\\u00a0<\\\/p>\\n\n\n<p>El componente relaci\\u00f3n gente-bosque tiene como finalidad conocer las relaciones existentes entre los bosques naturales del pa\\u00eds y las poblaciones locales.<\\\/p>\\n\n\n<p><a href=\\\"index.php?page_id=645\\\"><img class=\\\"alignnone  wp-image-340 aligncenter\\\" src=\\\"wp-content\\\/uploads\\\/boton.png\\\" alt=\\\"\\\" width=\\\"136\\\" height=\\\"53\\\" \\\/><\\\/a><\\\/p>\",\"title_hover_style\":\"reset\"}}]}]},{\"type\":\"row\",\"children\":[{\"type\":\"column\",\"props\":{\"image_position\":\"center-center\",\"media_overlay_gradient\":\"\",\"width_medium\":\"1-1\"},\"children\":[]}]}]}],\"version\":\"2.1.2\"} --><\/p>\n","protected":false},"excerpt":{"rendered":"<p>EVALUACI\u00d3N NACIONAL FORESTAL I La primera Evaluaci\u00f3n Nacional Forestal (ENF I) se ejecut\u00f3 entre los a\u00f1os 2009 y 2013. Su ejecuci\u00f3n se realiz\u00f3 a trav\u00e9s del proyecto Evaluaci\u00f3n Nacional Forestal con el apoyo de asistencia t\u00e9cnica y financiera del proyecto Manejo Forestal Sostenible ante el Cambio Clim\u00e1tico (MFSCC) de la Organizaci\u00f3n de las Naciones Unidas [&hellip;]<\/p>\n","protected":false},"author":1,"featured_media":0,"parent":0,"menu_order":0,"comment_status":"closed","ping_status":"closed","template":"","meta":{"om_disable_all_campaigns":false,"_monsterinsights_skip_tracking":false,"_monsterinsights_sitenote_active":false,"_monsterinsights_sitenote_note":"","_monsterinsights_sitenote_category":0,"_uf_show_specific_survey":0,"_uf_disable_surveys":false,"footnotes":""},"class_list":["post-692","page","type-page","status-publish","hentry"],"_links":{"self":[{"href":"https:\/\/enf.ambiente.gob.ec\/web_enf\/index.php?rest_route=\/wp\/v2\/pages\/692","targetHints":{"allow":["GET"]}}],"collection":[{"href":"https:\/\/enf.ambiente.gob.ec\/web_enf\/index.php?rest_route=\/wp\/v2\/pages"}],"about":[{"href":"https:\/\/enf.ambiente.gob.ec\/web_enf\/index.php?rest_route=\/wp\/v2\/types\/page"}],"author":[{"embeddable":true,"href":"https:\/\/enf.ambiente.gob.ec\/web_enf\/index.php?rest_route=\/wp\/v2\/users\/1"}],"replies":[{"embeddable":true,"href":"https:\/\/enf.ambiente.gob.ec\/web_enf\/index.php?rest_route=%2Fwp%2Fv2%2Fcomments&post=692"}],"version-history":[{"count":46,"href":"https:\/\/enf.ambiente.gob.ec\/web_enf\/index.php?rest_route=\/wp\/v2\/pages\/692\/revisions"}],"predecessor-version":[{"id":1814,"href":"https:\/\/enf.ambiente.gob.ec\/web_enf\/index.php?rest_route=\/wp\/v2\/pages\/692\/revisions\/1814"}],"wp:attachment":[{"href":"https:\/\/enf.ambiente.gob.ec\/web_enf\/index.php?rest_route=%2Fwp%2Fv2%2Fmedia&parent=692"}],"curies":[{"name":"wp","href":"https:\/\/api.w.org\/{rel}","templated":true}]}}